e m + b = 2*m. Is m composite?
True
Suppose -3*f + 8 = -f. Let c be 3*(1 + 0/f). Suppose 0 = c*g - 8*g + 10, 5*j = -4*g + 173. Is j a composite number?
True
Suppose 3015 + 1068 = 3*o. Is o prime?
True
Let n be -3 - 5/((-15)/18). Let y(k) = 2*k - n + 2*k + 5*k**2 - 7*k. Is y(-3) a prime number?
False
Let r(m) = 32*m + 5. Let l(y) = 3*y**2 + 2*y + 1. Let z be l(-2). Is r(z) prime?
True
Let a = 78 + -72. Suppose 5*i = a*i - 31. Is i a prime number?
True
Suppose 0 = -4*u + 5*t + 94149, -10 = t + t. Is u a composite number?
False
Suppose 6 = 3*d - 6*d. Let j be 56/12 - d/(-3). Suppose -j*a = -4*w - 1776, -6*w + w = -3*a + 1330. Is a composite?
True
Suppose 20804 = 7*p - 0*p. Suppose 0 = -2*g - 2*g + p. Is g composite?
False
Let l = -109 + 53. Is l/(-9) - 6/27 composite?
True
Let l(n) = -5182*n**3 - 2*n**2 - 2*n - 9. Is l(-2) a composite number?
False
Suppose -118*g = -115*g - 3573. Let q = g - 40. Is q a composite number?
False
Suppose 0 = -2*b + 43*a - 44*a + 14099, 0 = 2*a + 6. Is b composite?
True
Suppose 22 + 314 = 4*y. Suppose i - u = -i + 162, i + u - y = 0. Is i a prime number?
False
Let w(o) = -o**3 - 7*o**2 - 8*o - 15. Let f be w(-10). Let s = f + -223. Is s a composite number?
True
Let m(x) be the first derivative of 131*x**2/2 + 28*x - 18. Is m(5) prime?
True
Let c(i) = -53*i - 1. Is c(-12) prime?
False
Let w be ((-2)/4)/((-3)/(-1044)). Let q = w + 261. Is q prime?
False
Suppose 39*v - 14676 = 33*v. Is v a composite number?
True
Suppose -4*l = -0*l + a - 259, 5*l - 3*a = 311. Suppose -59*t - 955 = -l*t. Is t prime?
True
Suppose 105*s - 82*s - 118381 = 0. Is s prime?
True
Let n = -50 - -50. Suppose 0 = 5*z + 2*m - 4356 - 3171, -2*z + 3*m + 3026 = n. Is z a composite number?
True
Is 190602/4*(-4)/(-6) prime?
False
Let x(t) = 11*t - 4*t - 10*t - 1 - 4*t**2 + 10*t**3. Let f be x(-3). Let a = -203 - f. Is a a prime number?
False
Suppose -4*s + 563 = 3*j - 0*j, 5*j = 4*s - 523. Suppose 22 = 3*a - s. Suppose 0 = -4*i - 2*p + 168 - 12, i + 4*p - a = 0. Is i a prime number?
True
Suppose -2*k = -8, -2*h = -4*k + 2*k. Suppose -h*z + 76 = y, 3*y = -3*z - y + 57. Is z a prime number?
True
Suppose 13*b - 18*b + 350 = 0. Let p = 1041 - b. Is p composite?
False
Let i(k) = 26*k**2 + k - 1. Let g be i(2). Let f = 104 + g. Is f prime?
False
Suppose -l - 2*n = -2108, 5*l + 4*n - 2*n - 10532 = 0. Suppose -v = 4*b - 523, v = 5*v + 2*b - l. Is v composite?
True
Suppose -20*p - 4*n + 610 = -18*p, 0 = -4*n - 4. Is p prime?
True
Let g(z) = 471*z - 142. Is g(13) a prime number?
True
Let x be ((-24)/(-10))/((-18)/60). Let h(q) = -q**3 + 11*q**2 + 7*q - 14. Let s be h(15). Is s/(-4) - 6/x prime?
False
Suppose -18*l + 36*l = 240966. Is l composite?
True
Let y be (24/4 - 0)*(-10)/(-4). Is (-3)/(y/(-670)) - -5 a composite number?
False
Suppose -4*q - 4*r = 8, -2*q - 4*r + 3*r = 0. Suppose 202 = 3*h - q*n - 121, 4*n - 553 = -5*h. Is h a composite number?
False
Let s(z) = 73*z + 12. Let a be s(6). Let l = -125 + -138. Let b = l + a. Is b a prime number?
False
Suppose 0 = 4*g - 0 - 8. Let v be 2 + -1 + (g - 1). Suppose 3*j - 1607 = -v*q, j = 3*j - 4*q - 1050. Is j a composite number?
True
Let a(t) = -4*t**3 + 2*t. Let y(v) = -3*v**3 + v**2 + v. Let z(c) = 4*a(c) - 5*y(c). Let j be z(-6). Suppose 5 = 2*b + 3*f - j, -5 = f. Is b composite?
False
Let g = 435 + 712. Is g a prime number?
False
Let v be 16/6 - -8*1/(-12). Let l(s) = 171*s**2 - 8*s + 1. Is l(v) prime?
False
Suppose 4*f - 3 - 5 = 0. Is ((-56)/20 + f)*655/(-2) a prime number?
False
Let i = 137 - -4718. Suppose -5*f - 1010 = -i. Is f prime?
True
Suppose 1 = -s, 0*s - s + 719 = 4*q. Let k be 2 + q*(1 - 2). Let a = -33 - k. Is a composite?
True
Suppose 0*x + 2*x = 5*s + 38, -4*s - 4*x - 8 = 0. Is 1/2*s - -1468 prime?
False
Let o be (-5 - 1)*(-8)/(-6). Let u be (-69)/5 - o/(-40). Let n = u + 21. Is n prime?
True
Suppose -n - d + 1485 = -0*d, -3*n - d = -4449. Suppose -j = 2*u - 302, j + n = 6*j - 4*u. Is j composite?
True
Is (11/4)/((-10)/(-2920)) a composite number?
True
Let z be -3 - 2/(-1) - -1. Suppose -3*q + 354 + 526 = 2*j, q + 2*j - 300 = z. Suppose 4*u - 971 = -3*a + q, 5*u = -2*a + 843. Is a a composite number?
False
Let b be 10/10 - (-3 + 2). Let k be 0 + -8*(-1)/2. Suppose -98 = -2*o + k*c, b*c - 206 = -4*o + 5*c. Is o a composite number?
False
Let x be ((2/(-1))/2)/(-5 - -6). Is 5758 - x*4/(-8)*6 a composite number?
True
Let l(q) = q - 9. Let b be l(14). Suppose 4*x = 2*y - 954, -2*y + b*y - x = 1451. Is y a composite number?
True
Let r(j) = -5 + 7*j**3 - 9*j**2 + 3*j**3 - 11*j**3 - 10*j. Is r(-9) a composite number?
True
Let v(x) be the first derivative of 3*x**4/4 - x**3 + 3*x**2 + x + 1. Is v(5) composite?
False
Let u be (-1)/(-2) + (-3166)/4. Let c(p) = 52*p**2 + 8*p - 12. Let w be c(5). Let i = w + u. Is i a composite number?
True
Let k(p) = 3*p + 32. Let o be k(-8). Let g(m) = 4*m**2 + 9*m - 17. Is g(o) prime?
True
Let i(y) be the second derivative of -y**5/20 - y**4/12 - y**3/3 + 1949*y**2/2 - 32*y. Is i(0) prime?
True
Suppose 3*h - 6*h = 0. Let m(i) = -12*i + 267. Is m(h) prime?
False
Let a = -1180 - -2057. Is a a prime number?
True
Suppose 2*z + 3*k - 5 = 2, 0 = -4*z + 2*k - 10. Let m(a) = 65*a + 5. Let g(h) = 21*h + 2. Let p(l) = 11*g(l) - 4*m(l). Is p(z) composite?
False
Let o = -5748 + 11477. Is o a prime number?
False
Let q(h) = -5*h - 18. Let y be q(8). Let j be 34/51 - 727/(-3). Let l = y + j. Is l a composite number?
True
Let f = -2201 - -23650. Is f a prime number?
False
Suppose -4*y + 25 = 9, 4*s - 2*y = 0. Suppose 2*x + 3*r = -x + 72, 3*r = s*x - 58. Is x prime?
False
Let n = -56509 + 95663. Is n composite?
True
Suppose -5*o - 2*d + 205791 = 0, 2*o - 52752 = -d + 29564. Is o a composite number?
True
Suppose 2*q + 4*k - 5 - 3 = 0, -2*q = 5*k - 8. Suppose 5*h = -q*a + 1312, -538 = -2*h + 5*a - 0*a. Is (-3)/(-9)*(3 + h) composite?
False
Is (114/(-171))/((-4)/130674) prime?
False
Suppose 266*n = 261*n + 98665. Is n composite?
True
Let u(z) = 1908*z**2 + 27*z + 1. Is u(3) composite?
True
Suppose 2*a = -157 - 433. Let m = a - -512. Is m a prime number?
False
Suppose -11*w = -52*w + 867929. Is w a composite number?
False
Suppose -4*c = -21 - 11. Let o = -10 + c. Is o/8 - 2163/(-28) a composite number?
True
Suppose 30*k = 2*k + 291620. Is k prime?
False
Let b(v) = -7*v**3 + 12*v**2 - 4*v + 14. Let a be b(6). Let c = 2149 + a. Is c composite?
True
Let z = -17 + 17. Let a(y) = 0*y**3 + 4 - 7*y + z + 3 - 2*y**3 - 14*y**2. Is a(-10) prime?
True
Is ((-200)/24 + 8)*-75903 prime?
True
Let o(b) = -1202*b - 3. Let f(r) = r - 1. Let v(l) = -f(l) + o(l). Is v(-1) a prime number?
True
Let q(n) = n**3 - 6*n**2 + 8*n - 5. Let t be q(5). Let a be (8/(-10))/(t/(-75)). Suppose -a*j + 129 = -3*j. Is j a composite number?
False
Let f(l) = 6*l**2 - 13*l + 10. Let j be f(9). Is j*9/6*10/15 composite?
False
Let i(h) = 11*h**2 + 6*h - 12. Let d(a) = -4*a**2 - 2*a + 4. Let f(z) = -8*d(z) - 3*i(z). Let b be f(2). Let c(q) = -26*q - 1. Is c(b) a composite number?
False
Let g be -1 - (10/(-2) - -2). Suppose 5*d - 27 = 3*u + 119, 0 = -d - g*u + 24. Is 3884/d + (-2)/(-7) a composite number?
False
Suppose 290*m = 297*m - 48286. Is m composite?
True
Let c(m) = -m**2 - 5*m. Suppose 0 = -2*u + 1 - 9. Let g be c(u). Suppose -4*t = 0, 0 = 2*v - g*t - t - 298. Is v prime?
True
Suppose 2*p + 220 = -2*q, -3*p + 2*p + q = 110. Is p/6*(-1 + -2) prime?
False
Let m = 0 + 2. Let f(p) be the third derivative of 7*p**6/120 + p**5/20 - p**3/6 - p**2 + 16*p. Is f(m) a prime number?
True
Suppose 4*x = -5*y + 21, 3*x = 3*y - 6*y + 12. Suppose y*u = -14 - 11, u = -n - 3. Suppose -n*f = -f - 307. Is f prime?
True
Let m(n) = n**3 - 6*n**2 - 2*n + 12. Let y be m(6). Let d(r) = r**3 + r**2 - r + 89. Is d(y) a composite number?
False
Let j = -196 + 400. Let f(y) = y**3 - 10*y**2 + 9*y + 23. Let b be f(10). Let z = j - b. Is z a composite number?
True
Suppose 3*p - 2*w + 4505 = -0*w, 0 = -2*p + 2*w - 3000. Let u be (-6)/6 + p/(-1). Suppose 0 = 4*f - 4*b - u, 3*f + 1511 = 7*f + 3*b. Is f composite?
True
Let g(v) = 2*v**2 - v - 8. Is g(-15) prime?
True
Suppose k - 6*k + 5*h + 195435 = 0, 195437 = 5*k - 4*h. Is k prime?
True
Suppose 4*f + 3*y - 29 = 0, -12 = -4*f + y + 37. Let z(t) = -t**3 + 11*t**2 + t + 3. Let c be z(f). Is 7/(c/(-4)) - -179 comp